nd 281224?
8
What is the highest common divisor of 120 and 359940?
60
What is the greatest common divisor of 77039 and 543031?
1879
What is the greatest common divisor of 145335 and 90?
15
What is the greatest common divisor of 92 and 3265954?
46
What is the greatest common factor of 8698976 and 1144?
1144
Calculate the greatest common divisor of 204374 and 34.
34
Calculate the highest common factor of 126619 and 16949.
997
Calculate the highest common divisor of 63713 and 29.
29
What is the highest common factor of 4 and 30764?
4
Calculate the highest common divisor of 3364234 and 258.
86
What is the highest common divisor of 415 and 45235?
415
What is the greatest common factor of 578125 and 1850?
925
What is the greatest common divisor of 5467 and 83567?
781
What is the greatest common divisor of 155 and 7?
1
Calculate the greatest common factor of 6 and 45200.
2
Calculate the greatest common factor of 11750 and 375.
125
What is the highest common factor of 13410 and 300?
30
What is the highest common factor of 2639 and 1113?
7
Calculate the highest common divisor of 165 and 4826679.
33
Calculate the highest common divisor of 5433750 and 2484.
1242
Calculate the highest common divisor of 92 and 9567310.
46
Calculate the greatest common factor of 475 and 20475.
25
What is the highest common factor of 1608 and 3953?
67
What is the greatest common divisor of 189 and 3878469?
189
Calculate the highest common factor of 146 and 1540811.
73
What is the greatest common factor of 268105 and 290?
145
Calculate the greatest common factor of 9918 and 4698.
522
What is the highest common factor of 36845 and 35?
5
What is the greatest common divisor of 5298 and 384?
6
What is the highest common divisor of 3764392 and 344?
344
What is the highest common divisor of 28423 and 86?
43
What is the greatest common divisor of 108500 and 1300?
100
Calculate the highest common divisor of 11728 and 1056.
16
What is the highest common factor of 26950 and 1265?
55
What is the greatest common factor of 38 and 1058490?
38
What is the highest common divisor of 608 and 352?
32
Calculate the greatest common divisor of 11368 and 5974.
58
What is the highest common factor of 6348 and 123004?
92
What is the greatest common divisor of 74619 and 36?
9
Calculate the highest common divisor of 242 and 1563199.
121
Calculate the greatest common factor of 289 and 493.
17
What is the greatest common factor of 8077 and 19306?
197
What is the greatest common divisor of 32 and 1611864?
8
Calculate the highest common factor of 2695 and 180180.
385
Calculate the highest common divisor of 5542 and 323.
17
What is the greatest common divisor of 1359 and 18279909?
1359
What is the highest common divisor of 22222 and 66?
2
What is the highest common factor of 16 and 6628?
4
Calculate the highest common factor of 100 and 46060.
20
What is the highest common factor of 847055 and 165?
55
Calculate the highest common factor of 56756 and 700.
28
Calculate the highest common divisor of 171578 and 18434.
1418
Calculate the highest common factor of 1111 and 29189.
101
Calculate the highest common factor of 9830 and 136637.
983
Calculate the highest common divisor of 9 and 93492.
9
What is the highest common divisor of 37766 and 69?
23
What is the greatest common divisor of 858 and 298870?
286
What is the highest common divisor of 2625 and 53480?
35
Calculate the greatest common factor of 170 and 9055.
5
What is the highest common factor of 49940 and 880?
220
What is the highest common factor of 38483 and 2523?
29
Calculate the greatest common factor of 273 and 949.
13
Calculate the highest common factor of 118220 and 851.
23
Calculate the highest common divisor of 368 and 1869808.
368
Calculate the greatest common divisor of 108239 and 153.
17
Calculate the greatest common divisor of 420 and 736743.
21
Calculate the greatest common divisor of 92 and 16813.
23
Calculate the highest common divisor of 136408 and 944.
472
What is the highest common divisor of 521695 and 206?
103
What is the greatest common divisor of 15935 and 10?
5
Calculate the greatest common divisor of 1162785 and 871.
871
What is the highest common divisor of 60852 and 1248?
12
Calculate the highest common factor of 116699 and 33.
11
Calculate the highest common factor of 114403 and 699.
233
What is the highest common divisor of 942 and 101422?
314
What is the highest common factor of 190 and 389139?
19
What is the highest common divisor of 280710 and 9?
9
What is the highest common factor of 295869 and 1737?
579
What is the greatest common divisor of 37 and 359?
1
What is the greatest common divisor of 648 and 10224?
72
What is the greatest common factor of 444773 and 98?
49
What is the greatest common factor of 50 and 2770?
10
Calculate the highest common divisor of 3969 and 1029.
147
What is the greatest common divisor of 93 and 259098?
93
What is the greatest common divisor of 435746 and 38?
38
Calculate the highest common factor of 58256 and 66.
22
Calculate the highest common divisor of 5715 and 27.
9
Calculate the highest common factor of 18444 and 37932.
348
What is the greatest common divisor of 6 and 2336?
2
Calculate the highest common divisor of 1851 and 110443.
617
What is the highest common factor of 222 and 6512?
74
What is the highest common factor of 55919 and 1405?
281
What is the highest common divisor of 871 and 13266?
67
What is the highest common factor of 2077 and 8509?
67
What is the greatest common factor of 2020747 and 422?
211
Calculate the highest common divisor of 195 and 28353.
39
Calculate the greatest common divisor of 5833 and 2983.
19
What is the greatest common factor of 141 and 76375?
47
Calculate the highest common divisor of 2798249 and 2047.
2047
Calculate the greatest common divisor of 13449780 and 270.
270
What is the highest common divisor of 28251 and 1161?
387
What is the highest common factor of 34112 and 178048?
832
Calculate the greatest common factor of 5340 and 60.
60
What is the greatest common factor of 459858 and 42?
42
What is the highest common divisor of 310 and 12462?
62
What is the highest common divisor of 387080 and 12?
4
What is the highest common divisor of 290 and 1840?
10
Calculate the highest common factor of 870207 and 91.
13
What is the greatest common factor of 110 and 8536?
22
What is the highest common factor of 2660 and 92435?
665
What is the highest common factor of 6787 and 11?
11
Calculate the highest common divisor of 16926 and 50960.
182
What is the highest common factor of 6 and 61071?
3
Calculate the greatest common divisor of 1147663 and 33.
11
What is the highest common factor of 86 and 149038?
86
Calculate the greatest common factor of 5907 and 66.
33
What is the greatest common divisor of 21930 and 7140?
510
Calculate the highest common factor of 682 and 245179.
341
What is the highest common divisor of 284920 and 680?
680
Calculate the highest common divisor of 123120 and 24.
24
Calculate the highest common factor of 25235 and 945.
35
Calculate the greatest common divisor of 423 and 14946.
141
Calculate the greatest common factor of 6 and 146442.
6
Calculate the greatest common factor of 118 and 478.
2
What is the greatest common factor of 33872 and 2555?
73
Calculate the greatest common factor of 206472 and 21.
21
Calculate the greatest common divisor of 3900 and 21300.
300
Calculate the highest common divisor of 903 and 35.
7
Calculate the highest common factor of 179172 and 10368.
324
Calculate the greatest common divisor of 830 and 6192215.
415
What is the highest common divisor of 391 and 10897?
17
Calculate the highest common divisor of 2947 and 4347.
7
What is the highest common divisor of 1499498 and 2247?
749
What is the greatest common divisor of 45 and 38187?
9
What is the greatest common divisor of 8632 and 1352?
104
Calculate the greatest common factor of 2071 and 513.
19
Calculate the greatest common factor of 16741996 and 632.
316
Calculate the greatest common divisor of 10070 and 114.
38
Calculate the greatest common divisor of 8152 and 96.
8
What is the greatest common factor of 636 and 32?
4
Calculate the greatest common divisor of 17423 and 63.
7
Calculate the highest common factor of 26421 and 15.
3
What is the highest common 